eds digit of h(-1)?
7
What is the tens digit of (-11)/(-33)*495/1?
6
Suppose 2*j + 27 = 5*b, -b + 4*b - 13 = -2*j. Suppose 3*o = -0*o + b*v, -4*o + 4*v = -8. Let i(q) = q**2 - 2*q - 7. What is the units digit of i(o)?
8
Suppose 2*y + 7 = -3*z, z + 17 + 8 = 5*y. Suppose -2 = j, -y*k = -4*j - 29 - 31. Let u = 18 - k. What is the units digit of u?
5
Let f(t) = -t + 3. Let n be f(12). What is the units digit of ((-3)/n)/((-3)/(-621))?
9
Suppose 5*d + 4*m = -16, 5*d - 1 = -m - 5. Suppose -3*v + l + 651 = d, 0*v + 2*v - 438 = 2*l. What is the hundreds digit of v?
2
Let q(d) = 3*d**2 + 21*d + 22. What is the tens digit of q(-17)?
3
What is the tens digit of 2022/8 - 1/(-4)?
5
Suppose 5*p + 5*h = 348 + 47, p - 76 = 2*h. Let b = p - 21. What is the units digit of b?
7
Let k(r) = r**2 + 12*r + 23. Let z be k(-10). Suppose z*i = 5*a - 297, a + 3*i - 59 = 4*i. What is the units digit of a?
0
Let y be ((-105)/45)/(2/(-6)). Suppose -1 = 2*h + y. What is the tens digit of (37 - h) + 3 - 4?
4
Suppose -5*g = -5*f - 5, 3*f + 3 = -g + 5*f. Let l(w) be the third derivative of w**4/8 - w**3/2 - w**2. What is the units digit of l(g)?
2
Let j be (5 - 13 - -6)/((-2)/(-51)). What is the units digit of 17/j + 466/3?
5
Let s be (-20 - -24)*(-15)/(-4). Suppose -s*z + 360 = -10*z. What is the tens digit of z?
7
Let z(q) = q**2 - 5*q + 17. Let o be z(8). Let c = 37 + o. What is the units digit of c?
8
What is the thousands digit of 70/105*(-9441)/(-6)?
1
Suppose -4*z = -3*w - 488, -2*z + 4*w = -0*z - 244. Suppose s + 2 = 0, -2*l - l + z = 2*s. What is the tens digit of l?
4
Let h = -408 - -1049. What is the tens digit of h?
4
Let i(u) = 9*u - 33. Let v(m) = m - 1. Let f(p) = i(p) - 12*v(p). What is the units digit of f(-9)?
6
Let q(p) = p**2 - 13*p + 16. Let m be q(11). What is the units digit of (65/15)/((-2)/m)?
3
Let p(m) = m**3 - 3*m**2 - 18*m + 8. What is the units digit of p(11)?
8
Let j be -2*((2 - 1) + 0 - 3). Suppose -2*h = c - 52, 5*h = -j*c + 2*h + 228. What is the tens digit of c?
6
Let r be (3 - 3)/(-3 + 2). Let w be 49/(2 - (r - -1)). Let q = -14 + w. What is the units digit of q?
5
Suppose 2*s - 4*w + 6*w = 1706, -2*w = -2*s + 1702. What is the hundreds digit of s?
8
Suppose -m + 10583 = 4*u, -37*m = -32*m + 5. What is the units digit of u?
6
Let c = 252 - 75. What is the hundreds digit of c?
1
Let j(x) = -10 + x**2 + 8 - 15*x + 23. Let y be (18/(-27))/(2/(-45)). What is the units digit of j(y)?
1
Let j(w) = 72*w + 71. What is the hundreds digit of j(5)?
4
Let c(j) be the third derivative of -5*j**4/24 - 2*j**3/3 + 8*j**2. What is the units digit of c(-2)?
6
What is the tens digit of 10/(-45)*-696*(-3)/(-2)?
3
Suppose 0*t + 3*t = -3. Let f be -2 + (t/1)/(-1). What is the units digit of (f - 0) + 20 - -2?
1
Let j be 10/(-6) + 8/12 + -19. What is the units digit of 65/10*j*(-2)/4?
5
Suppose n - t - 405 = -3*n, 0 = t - 3. Suppose -5*u - 2*l + 5*l = -47, -3*u - 3*l + 9 = 0. Suppose -n = c - u*c. What is the units digit of c?
7
Let m = 748 + -516. What is the hundreds digit of m?
2
Suppose -l + 3*z = -2, -2*l + 6 = l - 3*z. Suppose 4*f - 404 = 4*p, -45 = -f - l*p + 71. What is the tens digit of f?
0
Suppose 6 = 3*g, 3*c + 3 = -2*g + 22. Suppose 1101 = c*f + 241. What is the hundreds digit of f?
1
Let l = 44 - -2. Suppose 3*d - 383 = l. What is the hundreds digit of d?
1
Suppose 9180 = 3*o + 7*o. What is the tens digit of o?
1
Let w = -209 + 299. Let l = -44 + w. What is the units digit of l?
6
Suppose 0 = t + 3, -3*n + 2*t - 26 = -n. What is the hundreds digit of (-3128)/n + 9/6?
1
Let b = 2227 - 1143. What is the tens digit of b?
8
Suppose -2 = d - 4. Suppose 20 = -5*g, 31 + 131 = d*w - 5*g. What is the tens digit of w?
7
Let w(c) = c**3 + 30*c**2 + 81*c + 9. What is the hundreds digit of w(-11)?
4
Suppose 2*o = 3*d + o - 213, 0 = 5*o + 15. Suppose 5*k - 405 = d. What is the tens digit of k?
9
Let x(u) = u**3 + 12*u**2 + 11*u - 4. Let g(n) = -2*n**3 - 25*n**2 - 21*n + 9. Let r(t) = -4*g(t) - 9*x(t). What is the tens digit of r(-7)?
5
Suppose -4*i - 2*i + 402 = 0. Suppose 4*q + 19 = i. What is the units digit of q?
2
Suppose -4*z + 15 = 23, -8100 = -3*i + 3*z. What is the thousands digit of i?
2
What is the hundreds digit of (-3)/((-54)/33000) - 8/6?
8
Let g(b) = 2*b - 28. Let z(s) = 6*s - 84. Let y(d) = 17*g(d) - 6*z(d). Let o be y(14). What is the units digit of 61 - (-10)/5 - o?
3
Let z be 18/(-4) - (-3)/2. Let u be z + 6 + (-2 - -2). Let o = u + 2. What is the units digit of o?
5
Suppose 5*a + 2*i - 1158 = -0*a, 476 = 2*a + 4*i. Let j = a + -135. What is the units digit of j?
5
Suppose 0 = -4*o + 1981 + 83. What is the hundreds digit of o?
5
Suppose q + 3*q - 12 = 0. Suppose 2*c = -4*k + 4 - 2, -3*c + q*k + 3 = 0. Suppose -17 = -4*v - c. What is the units digit of v?
4
What is the units digit of (-8736)/(-15) + 13/((-520)/16)?
2
Suppose 4*o = 5*b + 15527, 8 = 5*b + 3. What is the thousands digit of o?
3
Let r(w) = -5*w - 9. Let q be r(-6). Let p = 0 - 6. What is the units digit of p/21 - (-174)/q?
8
What is the units digit of (86/3)/(-3*6/(-1512))?
8
Let s be 42/4*16/12. Let v = 6 - s. What is the units digit of (v + 7)*(-9 - 0)?
9
Let c be (-5)/((-5)/2) - 2. Let q = 6 + -5. Suppose q = g - c. What is the units digit of g?
1
What is the tens digit of (-5 - (-238 + 3))*9/15?
3
Let h(c) = 19*c + 12. Suppose a = -f + 1, f + 6 + 1 = a. Let t be h(a). Suppose t = 2*r + 20. What is the units digit of r?
4
Let l = 2628 + -1449. What is the units digit of l?
9
Suppose 2*r + 140 = b, -2*b = 3*b + 5*r - 775. Suppose 0 = -3*t - 2*t + b. What is the tens digit of t?
3
Let n(l) = 31*l + 427. What is the hundreds digit of n(46)?
8
Let m = 899 - 346. What is the units digit of m?
3
Let x = -416 - -847. What is the units digit of x?
1
What is the units digit of 18/(-8) + (-27)/(-108) + 1082?
0
Let n(w) = -w**3 + 5*w**2 + 7*w - 3. Let c be n(5). Let h(u) = -9*u + c*u - 8*u. What is the units digit of h(2)?
0
Let f = 869 - 360. What is the units digit of f?
9
Let c(z) = 5*z + 20. Let r be c(9). Suppose -69*h + r*h + 156 = 0. What is the tens digit of h?
3
Suppose 2*v - 57 = b, -3 = v + 4*b - 54. Let p = 101 - v. What is the units digit of p?
0
Suppose 0 = k - 245 + 32. What is the hundreds digit of k?
2
Let q(a) = 14*a**2 - 3*a - 2 + 13*a**2 + 4*a**3 + 7*a - 30*a**2. What is the units digit of q(4)?
2
Suppose -3*h - 18 = -3*s, 5*s = 3*s - 3*h + 22. Suppose -5*m - 420 = -s*m. What is the tens digit of m?
4
Suppose -5*q + 41 = -2*x, 2*q - 9 + 1 = -2*x. Let a = q + -4. Suppose a*s - 13 = 2*s. What is the tens digit of s?
1
Let p(c) = c**2 - 5*c + 26. Let h be p(8). Suppose -3*z = -4*z + h. What is the tens digit of z?
5
Let d(v) = -25*v**2 + 52*v**2 - v**2 + 2*v - 1 - 9*v**2. What is the tens digit of d(2)?
7
Suppose 2 = 2*m + 8. Let q(b) = 3*b**2 + 3*b - 4. What is the units digit of q(m)?
4
Let n(z) = 11*z + 17. Let t(x) = -x - 1. Let l(o) = -n(o) - 6*t(o). Let i be l(-7). Let g = 44 - i. What is the tens digit of g?
2
What is the tens digit of 11/(-110)*4*(-815 - 0)?
2
Let s(x) = 2*x**2 + 12*x + 7. Let g be 9/6*(-16)/(-6). Suppose -g*k = 13 + 19. What is the tens digit of s(k)?
3
Suppose 0 = -0*a + 3*a + 21. Let y be (2 + 0)*(-6 - a). Suppose y*s - 28 = s. What is the units digit of s?
8
Suppose k + 5*r - 507 = 137, 0 = 4*k + 3*r - 2627. What is the hundreds digit of k?
6
Suppose 6934 = 8*s + 2558. What is the hundreds digit of s?
5
Let i = 23 + -37. Let d be 60/14 + i/49. Suppose 0*l = d*l - 124. What is the units digit of l?
1
Let u(x) = -44*x - 3. Let m be (-2)/((-24)/18)*(-4)/3. What is the units digit of u(m)?
5
Suppose -5*s + t = -26549, 3*s - 3*t - 9600 = 6327. What is the units digit of (-4)/26 - s/(-39)?
6
Let a be 4/3*(-24)/(-16) - -178. What is the tens digit of (36/10)/(8/a)?
8
Suppose -2*f = -2*j + 2, 2*f + j - 23 = -2*j. Let l(g) = -3*g + 12. Let w be l(3). Suppose 80 = 2*d - w*q + q, -154 = -f*d + 2*q. What is the tens digit of d?
3
Suppose -771 = -3*n - 3*f, -3*n + 584 + 162 = -2*f. Suppose -12 = -4*t, h - 4*h + 5*t + n = 0. What is the tens digit of h?
8
What is the tens digit of ((-3)/(-9))/((-4)/(-21756))?
1
Suppose -102 = 11*k - 377. Suppose -k = 7*d - 1026. What is the hundreds digit of d?
1
Suppose -l - 12 = 10. Let m = l - -70. Let g = m + -25. What